{"id":642,"date":"2025-06-24T16:55:24","date_gmt":"2025-06-24T14:55:24","guid":{"rendered":"https:\/\/zsconseils.com\/?page_id=642"},"modified":"2025-06-25T13:29:12","modified_gmt":"2025-06-25T11:29:12","slug":"642-2","status":"publish","type":"page","link":"https:\/\/zsconseils.com\/?page_id=642","title":{"rendered":""},"content":{"rendered":"\n<p><\/p>\n\n\n\n<p><\/p>\n\n\n\n<figure class=\"wp-block-gallery has-nested-images columns-default is-cropped wp-block-gallery-1 is-layout-flex wp-block-gallery-is-layout-flex\">\n<figure class=\"wp-block-image size-large\"><img loading=\"lazy\" decoding=\"async\" width=\"1024\" height=\"724\" data-id=\"23\" src=\"https:\/\/zsconseils.com\/wp-content\/uploads\/2023\/03\/LogoZ_s-2-1024x724.jpeg\" alt=\"\" class=\"wp-image-23\" srcset=\"https:\/\/zsconseils.com\/wp-content\/uploads\/2023\/03\/LogoZ_s-2-1024x724.jpeg 1024w, https:\/\/zsconseils.com\/wp-content\/uploads\/2023\/03\/LogoZ_s-2-300x212.jpeg 300w, https:\/\/zsconseils.com\/wp-content\/uploads\/2023\/03\/LogoZ_s-2-768x543.jpeg 768w, https:\/\/zsconseils.com\/wp-content\/uploads\/2023\/03\/LogoZ_s-2-1536x1086.jpeg 1536w, https:\/\/zsconseils.com\/wp-content\/uploads\/2023\/03\/LogoZ_s-2-2048x1448.jpeg 2048w\" sizes=\"auto, (max-width: 1024px) 100vw, 1024px\" \/><\/figure>\n<\/figure>\n\n\n\n<p>Dans un syst\u00e8me o\u00f9 la reconnaissance repose souvent sur des crit\u00e8res codifi\u00e9s et norm\u00e9s, ma mission est d\u2019accompagner celles et ceux qui portent une l\u00e9gitimit\u00e9 profonde, fond\u00e9e sur la comp\u00e9tence r\u00e9elle et l\u2019exp\u00e9rience v\u00e9cue.<\/p>\n\n\n\n<p>Je crois en une vision du d\u00e9veloppement humain qui valorise l\u2019autorit\u00e9 naturelle, cette force discr\u00e8te mais puissante qui na\u00eet du savoir-faire incarn\u00e9 et de l\u2019engagement authentique.<\/p>\n\n\n\n<p>Mon engagement est d\u2019aider ces talents \u00e0 trouver leur <strong><a href=\"https:\/\/zsconseils.com\/?page_id=32\">voie<\/a><\/strong> ou <strong><a href=\"https:\/\/zsconseils.com\/?page_id=32\">voix<\/a><\/strong>, \u00e0 s\u2019affirmer et \u00e0 se positionner avec confiance face \u00e0 des environnements parfois rigides et institutionnels.<\/p>\n\n\n\n<p>Cette d\u00e9marche s\u2019appuie sur une alliance entre \u00e9thique, intelligence interculturelle et pragmatisme, pour construire un d\u00e9veloppement durable respectueux des individus, de leurs talents et de leurs singularit\u00e9s.<\/p>\n\n\n\n<p>Plus qu\u2019un accompagnement, c\u2019est une alliance pour que chacun puisse r\u00e9v\u00e9ler sa valeur, dans un monde en pleine mutation.<\/p>\n","protected":false},"excerpt":{"rendered":"<p>Dans un syst\u00e8me o\u00f9 la reconnaissance repose souvent sur des crit\u00e8res codifi\u00e9s et norm\u00e9s, ma mission est d\u2019accompagner celles et ceux qui portent une l\u00e9gitimit\u00e9 profonde, fond\u00e9e sur la comp\u00e9tence r\u00e9elle et l\u2019exp\u00e9rience v\u00e9cue. Je crois en une vision du d\u00e9veloppement humain qui valorise l\u2019autorit\u00e9 naturelle, cette force discr\u00e8te mais puissante qui na\u00eet du savoir-faire [&hellip;]<\/p>\n","protected":false},"author":1,"featured_media":0,"parent":0,"menu_order":0,"comment_status":"closed","ping_status":"closed","template":"","meta":{"_uag_custom_page_level_css":"","site-sidebar-layout":"default","site-content-layout":"","ast-site-content-layout":"default","site-content-style":"default","site-sidebar-style":"default","ast-global-header-display":"","ast-banner-title-visibility":"","ast-main-header-display":"","ast-hfb-above-header-display":"","ast-hfb-below-header-display":"","ast-hfb-mobile-header-display":"","site-post-title":"","ast-breadcrumbs-content":"","ast-featured-img":"","footer-sml-layout":"","theme-transparent-header-meta":"","adv-header-id-meta":"","stick-header-meta":"","header-above-stick-meta":"","header-main-stick-meta":"","header-below-stick-meta":"","astra-migrate-meta-layouts":"set","ast-page-background-enabled":"default","ast-page-background-meta":{"desktop":{"background-color":"var(--ast-global-color-4)","background-image":"","background-repeat":"repeat","background-position":"center center","background-size":"auto","background-attachment":"scroll","background-type":"","background-media":"","overlay-type":"","overlay-color":"","overlay-opacity":"","overlay-gradient":""},"tablet":{"background-color":"","background-image":"","background-repeat":"repeat","background-position":"center center","background-size":"auto","background-attachment":"scroll","background-type":"","background-media":"","overlay-type":"","overlay-color":"","overlay-opacity":"","overlay-gradient":""},"mobile":{"background-color":"","background-image":"","background-repeat":"repeat","background-position":"center center","background-size":"auto","background-attachment":"scroll","background-type":"","background-media":"","overlay-type":"","overlay-color":"","overlay-opacity":"","overlay-gradient":""}},"ast-content-background-meta":{"desktop":{"background-color":"var(--ast-global-color-5)","background-image":"","background-repeat":"repeat","background-position":"center center","background-size":"auto","background-attachment":"scroll","background-type":"","background-media":"","overlay-type":"","overlay-color":"","overlay-opacity":"","overlay-gradient":""},"tablet":{"background-color":"var(--ast-global-color-5)","background-image":"","background-repeat":"repeat","background-position":"center center","background-size":"auto","background-attachment":"scroll","background-type":"","background-media":"","overlay-type":"","overlay-color":"","overlay-opacity":"","overlay-gradient":""},"mobile":{"background-color":"var(--ast-global-color-5)","background-image":"","background-repeat":"repeat","background-position":"center center","background-size":"auto","background-attachment":"scroll","background-type":"","background-media":"","overlay-type":"","overlay-color":"","overlay-opacity":"","overlay-gradient":""}},"footnotes":""},"class_list":["post-642","page","type-page","status-publish","hentry"],"yoast_head":"<!-- This site is optimized with the Yoast SEO plugin v26.2 - https:\/\/yoast.com\/wordpress\/plugins\/seo\/ -->\n<title>- zsconseils.com<\/title>\n<meta name=\"robots\" content=\"index, follow, max-snippet:-1, max-image-preview:large, max-video-preview:-1\" \/>\n<link rel=\"canonical\" href=\"https:\/\/zsconseils.com\/?page_id=642\" \/>\n<meta property=\"og:locale\" content=\"fr_FR\" \/>\n<meta property=\"og:type\" content=\"article\" \/>\n<meta property=\"og:title\" content=\"- zsconseils.com\" \/>\n<meta property=\"og:description\" content=\"Dans un syst\u00e8me o\u00f9 la reconnaissance repose souvent sur des crit\u00e8res codifi\u00e9s et norm\u00e9s, ma mission est d\u2019accompagner celles et ceux qui portent une l\u00e9gitimit\u00e9 profonde, fond\u00e9e sur la comp\u00e9tence r\u00e9elle et l\u2019exp\u00e9rience v\u00e9cue. Je crois en une vision du d\u00e9veloppement humain qui valorise l\u2019autorit\u00e9 naturelle, cette force discr\u00e8te mais puissante qui na\u00eet du savoir-faire [&hellip;]\" \/>\n<meta property=\"og:url\" content=\"https:\/\/zsconseils.com\/?page_id=642\" \/>\n<meta property=\"og:site_name\" content=\"zsconseils.com\" \/>\n<meta property=\"article:publisher\" content=\"https:\/\/www.facebook.com\/people\/Or-en-ppites\/100087043427154\/\" \/>\n<meta property=\"article:modified_time\" content=\"2025-06-25T11:29:12+00:00\" \/>\n<meta property=\"og:image\" content=\"https:\/\/zsconseils.com\/wp-content\/uploads\/2023\/03\/LogoZ_s-2-1024x724.jpeg\" \/>\n<meta name=\"twitter:card\" content=\"summary_large_image\" \/>\n<meta name=\"twitter:label1\" content=\"Dur\u00e9e de lecture estim\u00e9e\" \/>\n\t<meta name=\"twitter:data1\" content=\"1 minute\" \/>\n<script type=\"application\/ld+json\" class=\"yoast-schema-graph\">{\"@context\":\"https:\/\/schema.org\",\"@graph\":[{\"@type\":\"WebPage\",\"@id\":\"https:\/\/zsconseils.com\/?page_id=642\",\"url\":\"https:\/\/zsconseils.com\/?page_id=642\",\"name\":\"- zsconseils.com\",\"isPartOf\":{\"@id\":\"https:\/\/zsconseils.com\/#website\"},\"primaryImageOfPage\":{\"@id\":\"https:\/\/zsconseils.com\/?page_id=642#primaryimage\"},\"image\":{\"@id\":\"https:\/\/zsconseils.com\/?page_id=642#primaryimage\"},\"thumbnailUrl\":\"https:\/\/zsconseils.com\/wp-content\/uploads\/2023\/03\/LogoZ_s-2-1024x724.jpeg\",\"datePublished\":\"2025-06-24T14:55:24+00:00\",\"dateModified\":\"2025-06-25T11:29:12+00:00\",\"inLanguage\":\"fr-FR\",\"potentialAction\":[{\"@type\":\"ReadAction\",\"target\":[\"https:\/\/zsconseils.com\/?page_id=642\"]}]},{\"@type\":\"ImageObject\",\"inLanguage\":\"fr-FR\",\"@id\":\"https:\/\/zsconseils.com\/?page_id=642#primaryimage\",\"url\":\"https:\/\/zsconseils.com\/wp-content\/uploads\/2023\/03\/LogoZ_s-2-1024x724.jpeg\",\"contentUrl\":\"https:\/\/zsconseils.com\/wp-content\/uploads\/2023\/03\/LogoZ_s-2-1024x724.jpeg\"},{\"@type\":\"WebSite\",\"@id\":\"https:\/\/zsconseils.com\/#website\",\"url\":\"https:\/\/zsconseils.com\/\",\"name\":\"zsconseils.com\",\"description\":\"\",\"publisher\":{\"@id\":\"https:\/\/zsconseils.com\/#organization\"},\"potentialAction\":[{\"@type\":\"SearchAction\",\"target\":{\"@type\":\"EntryPoint\",\"urlTemplate\":\"https:\/\/zsconseils.com\/?s={search_term_string}\"},\"query-input\":{\"@type\":\"PropertyValueSpecification\",\"valueRequired\":true,\"valueName\":\"search_term_string\"}}],\"inLanguage\":\"fr-FR\"},{\"@type\":\"Organization\",\"@id\":\"https:\/\/zsconseils.com\/#organization\",\"name\":\"zsconseils\u00b0\u00b0\u00b0\u00b0\u00b0\u00b0\u00b0\",\"url\":\"https:\/\/zsconseils.com\/\",\"logo\":{\"@type\":\"ImageObject\",\"inLanguage\":\"fr-FR\",\"@id\":\"https:\/\/zsconseils.com\/#\/schema\/logo\/image\/\",\"url\":\"https:\/\/zsconseils.com\/wp-content\/uploads\/2023\/03\/cropped-LogoZ_s-3.jpeg\",\"contentUrl\":\"https:\/\/zsconseils.com\/wp-content\/uploads\/2023\/03\/cropped-LogoZ_s-3.jpeg\",\"width\":512,\"height\":512,\"caption\":\"zsconseils\u00b0\u00b0\u00b0\u00b0\u00b0\u00b0\u00b0\"},\"image\":{\"@id\":\"https:\/\/zsconseils.com\/#\/schema\/logo\/image\/\"},\"sameAs\":[\"https:\/\/www.facebook.com\/people\/Or-en-ppites\/100087043427154\/\",\"https:\/\/www.linkedin.com\/company\/z-s-conseils\/\"]}]}<\/script>\n<!-- \/ Yoast SEO plugin. -->","yoast_head_json":{"title":"- zsconseils.com","robots":{"index":"index","follow":"follow","max-snippet":"max-snippet:-1","max-image-preview":"max-image-preview:large","max-video-preview":"max-video-preview:-1"},"canonical":"https:\/\/zsconseils.com\/?page_id=642","og_locale":"fr_FR","og_type":"article","og_title":"- zsconseils.com","og_description":"Dans un syst\u00e8me o\u00f9 la reconnaissance repose souvent sur des crit\u00e8res codifi\u00e9s et norm\u00e9s, ma mission est d\u2019accompagner celles et ceux qui portent une l\u00e9gitimit\u00e9 profonde, fond\u00e9e sur la comp\u00e9tence r\u00e9elle et l\u2019exp\u00e9rience v\u00e9cue. Je crois en une vision du d\u00e9veloppement humain qui valorise l\u2019autorit\u00e9 naturelle, cette force discr\u00e8te mais puissante qui na\u00eet du savoir-faire [&hellip;]","og_url":"https:\/\/zsconseils.com\/?page_id=642","og_site_name":"zsconseils.com","article_publisher":"https:\/\/www.facebook.com\/people\/Or-en-ppites\/100087043427154\/","article_modified_time":"2025-06-25T11:29:12+00:00","og_image":[{"url":"https:\/\/zsconseils.com\/wp-content\/uploads\/2023\/03\/LogoZ_s-2-1024x724.jpeg","type":"","width":"","height":""}],"twitter_card":"summary_large_image","twitter_misc":{"Dur\u00e9e de lecture estim\u00e9e":"1 minute"},"schema":{"@context":"https:\/\/schema.org","@graph":[{"@type":"WebPage","@id":"https:\/\/zsconseils.com\/?page_id=642","url":"https:\/\/zsconseils.com\/?page_id=642","name":"- zsconseils.com","isPartOf":{"@id":"https:\/\/zsconseils.com\/#website"},"primaryImageOfPage":{"@id":"https:\/\/zsconseils.com\/?page_id=642#primaryimage"},"image":{"@id":"https:\/\/zsconseils.com\/?page_id=642#primaryimage"},"thumbnailUrl":"https:\/\/zsconseils.com\/wp-content\/uploads\/2023\/03\/LogoZ_s-2-1024x724.jpeg","datePublished":"2025-06-24T14:55:24+00:00","dateModified":"2025-06-25T11:29:12+00:00","inLanguage":"fr-FR","potentialAction":[{"@type":"ReadAction","target":["https:\/\/zsconseils.com\/?page_id=642"]}]},{"@type":"ImageObject","inLanguage":"fr-FR","@id":"https:\/\/zsconseils.com\/?page_id=642#primaryimage","url":"https:\/\/zsconseils.com\/wp-content\/uploads\/2023\/03\/LogoZ_s-2-1024x724.jpeg","contentUrl":"https:\/\/zsconseils.com\/wp-content\/uploads\/2023\/03\/LogoZ_s-2-1024x724.jpeg"},{"@type":"WebSite","@id":"https:\/\/zsconseils.com\/#website","url":"https:\/\/zsconseils.com\/","name":"zsconseils.com","description":"","publisher":{"@id":"https:\/\/zsconseils.com\/#organization"},"potentialAction":[{"@type":"SearchAction","target":{"@type":"EntryPoint","urlTemplate":"https:\/\/zsconseils.com\/?s={search_term_string}"},"query-input":{"@type":"PropertyValueSpecification","valueRequired":true,"valueName":"search_term_string"}}],"inLanguage":"fr-FR"},{"@type":"Organization","@id":"https:\/\/zsconseils.com\/#organization","name":"zsconseils\u00b0\u00b0\u00b0\u00b0\u00b0\u00b0\u00b0","url":"https:\/\/zsconseils.com\/","logo":{"@type":"ImageObject","inLanguage":"fr-FR","@id":"https:\/\/zsconseils.com\/#\/schema\/logo\/image\/","url":"https:\/\/zsconseils.com\/wp-content\/uploads\/2023\/03\/cropped-LogoZ_s-3.jpeg","contentUrl":"https:\/\/zsconseils.com\/wp-content\/uploads\/2023\/03\/cropped-LogoZ_s-3.jpeg","width":512,"height":512,"caption":"zsconseils\u00b0\u00b0\u00b0\u00b0\u00b0\u00b0\u00b0"},"image":{"@id":"https:\/\/zsconseils.com\/#\/schema\/logo\/image\/"},"sameAs":["https:\/\/www.facebook.com\/people\/Or-en-ppites\/100087043427154\/","https:\/\/www.linkedin.com\/company\/z-s-conseils\/"]}]}},"uagb_featured_image_src":{"full":false,"thumbnail":false,"medium":false,"medium_large":false,"large":false,"1536x1536":false,"2048x2048":false},"uagb_author_info":{"display_name":"Adjele Essi Nadine Lacle","author_link":"https:\/\/zsconseils.com\/?author=1"},"uagb_comment_info":0,"uagb_excerpt":"Dans un syst\u00e8me o\u00f9 la reconnaissance repose souvent sur des crit\u00e8res codifi\u00e9s et norm\u00e9s, ma mission est d\u2019accompagner celles et ceux qui portent une l\u00e9gitimit\u00e9 profonde, fond\u00e9e sur la comp\u00e9tence r\u00e9elle et l\u2019exp\u00e9rience v\u00e9cue. Je crois en une vision du d\u00e9veloppement humain qui valorise l\u2019autorit\u00e9 naturelle, cette force discr\u00e8te mais puissante qui na\u00eet du savoir-faire\u2026","_links":{"self":[{"href":"https:\/\/zsconseils.com\/index.php?rest_route=\/wp\/v2\/pages\/642","targetHints":{"allow":["GET"]}}],"collection":[{"href":"https:\/\/zsconseils.com\/index.php?rest_route=\/wp\/v2\/pages"}],"about":[{"href":"https:\/\/zsconseils.com\/index.php?rest_route=\/wp\/v2\/types\/page"}],"author":[{"embeddable":true,"href":"https:\/\/zsconseils.com\/index.php?rest_route=\/wp\/v2\/users\/1"}],"replies":[{"embeddable":true,"href":"https:\/\/zsconseils.com\/index.php?rest_route=%2Fwp%2Fv2%2Fcomments&post=642"}],"version-history":[{"count":4,"href":"https:\/\/zsconseils.com\/index.php?rest_route=\/wp\/v2\/pages\/642\/revisions"}],"predecessor-version":[{"id":654,"href":"https:\/\/zsconseils.com\/index.php?rest_route=\/wp\/v2\/pages\/642\/revisions\/654"}],"wp:attachment":[{"href":"https:\/\/zsconseils.com\/index.php?rest_route=%2Fwp%2Fv2%2Fmedia&parent=642"}],"curies":[{"name":"wp","href":"https:\/\/api.w.org\/{rel}","templated":true}]}}