{"id":24,"date":"2023-03-28T18:24:33","date_gmt":"2023-03-28T16:24:33","guid":{"rendered":"https:\/\/zsconseils.com\/?page_id=24"},"modified":"2025-06-25T16:56:54","modified_gmt":"2025-06-25T14:56:54","slug":"24-2croissance-durable-perennite","status":"publish","type":"page","link":"https:\/\/zsconseils.com\/","title":{"rendered":""},"content":{"rendered":"\n<figure class=\"wp-block-image size-large\"><img loading=\"lazy\" decoding=\"async\" width=\"1024\" height=\"724\" src=\"http:\/\/zsconseils.com\/wp-content\/uploads\/2023\/03\/cropped-LogoZ_s-4-1024x724.jpeg\" alt=\"\" class=\"wp-image-437\" srcset=\"https:\/\/zsconseils.com\/wp-content\/uploads\/2023\/03\/cropped-LogoZ_s-4-1024x724.jpeg 1024w, https:\/\/zsconseils.com\/wp-content\/uploads\/2023\/03\/cropped-LogoZ_s-4-300x212.jpeg 300w, https:\/\/zsconseils.com\/wp-content\/uploads\/2023\/03\/cropped-LogoZ_s-4-768x543.jpeg 768w, https:\/\/zsconseils.com\/wp-content\/uploads\/2023\/03\/cropped-LogoZ_s-4-1536x1086.jpeg 1536w, https:\/\/zsconseils.com\/wp-content\/uploads\/2023\/03\/cropped-LogoZ_s-4-2048x1448.jpeg 2048w\" sizes=\"auto, (max-width: 1024px) 100vw, 1024px\" \/><\/figure>\n\n\n\n<div class=\"wp-block-uagb-container uagb-block-ab9077c9 alignfull uagb-is-root-container\"><div class=\"uagb-container-inner-blocks-wrap\">\n<p><\/p>\n\n\n\n<p>Dans un monde o\u00f9 la comp\u00e9tence r\u00e9elle est parfois \u00e9clips\u00e9e par les titres et les normes institutionnelles, <strong>ZS Conseils<\/strong> est votre alli\u00e9 pour valoriser votre savoir-faire authentique.<\/p>\n\n\n\n<p>Nous accompagnons les professionnels qui, malgr\u00e9 leur expertise et leur exp\u00e9rience, peinent \u00e0 se faire reconna\u00eetre dans des environnements codifi\u00e9s et norm\u00e9s.<\/p>\n\n\n\n<p>Notre approche allie recherche, intelligence interculturelle et pragmatisme pour construire avec vous des strat\u00e9gies de communication et de d\u00e9veloppement personnalis\u00e9es, adapt\u00e9es \u00e0 votre r\u00e9alit\u00e9 et \u00e0 vos aspirations.<\/p>\n\n\n\n<p> Nous vous aidons \u00e0 vous positionner avec confiance et impact, tout en respectant votre singularit\u00e9 et votre parcours.<\/p>\n\n\n\n<p>Nos p\u00f4les d\u2019activit\u00e9&nbsp;: <strong><a href=\"https:\/\/zsconseils.com\/?page_id=32\" target=\"_blank\" rel=\"noreferrer noopener\">\u00e9tudes<\/a>, <a href=\"https:\/\/zsconseils.com\/?page_id=32\">informations<\/a>, <a href=\"https:\/\/zsconseils.com\/?page_id=32\">talents<\/a><\/strong>  disposent de la jouissance de la propri\u00e9t\u00e9 intellectuelle \u00e0 travers le droit d&rsquo;auteur, le copyright afin de produire un travail personnalis\u00e9 et propre \u00e0 votre structure.<\/p>\n\n\n\n<p>Faites le choix d\u2019un accompagnement <a href=\"https:\/\/zsconseils.com\/?page_id=642\">engag\u00e9<\/a>, qui place l\u2019\u00e9thique, l\u2019authenticit\u00e9 et la comp\u00e9tence au c\u0153ur de votre d\u00e9veloppement durable.<\/p>\n\n\n\n<p><\/p>\n\n\n\n<p><\/p>\n\n\n\n<p><\/p>\n\n\n\n<p><\/p>\n\n\n\n<p><\/p>\n\n\n\n<p><\/p>\n\n\n\n<p><\/p>\n<\/div><\/div>\n","protected":false},"excerpt":{"rendered":"<p>Dans un monde o\u00f9 la comp\u00e9tence r\u00e9elle est parfois \u00e9clips\u00e9e par les titres et les normes institutionnelles, ZS Conseils est votre alli\u00e9 pour valoriser votre savoir-faire authentique. Nous accompagnons les professionnels qui, malgr\u00e9 leur expertise et leur exp\u00e9rience, peinent \u00e0 se faire reconna\u00eetre dans des environnements codifi\u00e9s et norm\u00e9s. Notre approche allie recherche, intelligence interculturelle [&hellip;]<\/p>\n","protected":false},"author":1,"featured_media":0,"parent":0,"menu_order":0,"comment_status":"closed","ping_status":"closed","template":"","meta":{"_uag_custom_page_level_css":"","site-sidebar-layout":"default","site-content-layout":"","ast-site-content-layout":"default","site-content-style":"default","site-sidebar-style":"default","ast-global-header-display":"","ast-banner-title-visibility":"","ast-main-header-display":"","ast-hfb-above-header-display":"","ast-hfb-below-header-display":"","ast-hfb-mobile-header-display":"","site-post-title":"","ast-breadcrumbs-content":"","ast-featured-img":"","footer-sml-layout":"","theme-transparent-header-meta":"","adv-header-id-meta":"","stick-header-meta":"","header-above-stick-meta":"","header-main-stick-meta":"","header-below-stick-meta":"","astra-migrate-meta-layouts":"set","ast-page-background-enabled":"default","ast-page-background-meta":{"desktop":{"background-color":"var(--ast-global-color-4)","background-image":"","background-repeat":"repeat","background-position":"center center","background-size":"auto","background-attachment":"scroll","background-type":"","background-media":"","overlay-type":"","overlay-color":"","overlay-opacity":"","overlay-gradient":""},"tablet":{"background-color":"","background-image":"","background-repeat":"repeat","background-position":"center center","background-size":"auto","background-attachment":"scroll","background-type":"","background-media":"","overlay-type":"","overlay-color":"","overlay-opacity":"","overlay-gradient":""},"mobile":{"background-color":"","background-image":"","background-repeat":"repeat","background-position":"center center","background-size":"auto","background-attachment":"scroll","background-type":"","background-media":"","overlay-type":"","overlay-color":"","overlay-opacity":"","overlay-gradient":""}},"ast-content-background-meta":{"desktop":{"background-color":"var(--ast-global-color-5)","background-image":"","background-repeat":"repeat","background-position":"center center","background-size":"auto","background-attachment":"scroll","background-type":"","background-media":"","overlay-type":"","overlay-color":"","overlay-opacity":"","overlay-gradient":""},"tablet":{"background-color":"var(--ast-global-color-5)","background-image":"","background-repeat":"repeat","background-position":"center center","background-size":"auto","background-attachment":"scroll","background-type":"","background-media":"","overlay-type":"","overlay-color":"","overlay-opacity":"","overlay-gradient":""},"mobile":{"background-color":"var(--ast-global-color-5)","background-image":"","background-repeat":"repeat","background-position":"center center","background-size":"auto","background-attachment":"scroll","background-type":"","background-media":"","overlay-type":"","overlay-color":"","overlay-opacity":"","overlay-gradient":""}},"footnotes":""},"class_list":["post-24","page","type-page","status-publish","hentry"],"yoast_head":"<!-- This site is optimized with the Yoast SEO plugin v26.2 - https:\/\/yoast.com\/wordpress\/plugins\/seo\/ -->\n<title>- zsconseils.com<\/title>\n<meta name=\"description\" content=\"l&#039;excellence est un comportement zsconseils.com zs conseils - management - information - intelligence informationnelle - conseils - \u00e9tudes - croissance durable - incertitude - p\u00e9rennit\u00e9\" \/>\n<meta name=\"robots\" content=\"index, follow, max-snippet:-1, max-image-preview:large, max-video-preview:-1\" \/>\n<link rel=\"canonical\" href=\"https:\/\/zsconseils.com\/\" \/>\n<meta property=\"og:locale\" content=\"fr_FR\" \/>\n<meta property=\"og:type\" content=\"article\" \/>\n<meta property=\"og:title\" content=\"- zsconseils.com\" \/>\n<meta property=\"og:description\" content=\"l&#039;excellence est un comportement zsconseils.com zs conseils - management - information - intelligence informationnelle - conseils - \u00e9tudes - croissance durable - incertitude - p\u00e9rennit\u00e9\" \/>\n<meta property=\"og:url\" content=\"https:\/\/zsconseils.com\/\" \/>\n<meta property=\"og:site_name\" content=\"zsconseils.com\" \/>\n<meta property=\"article:publisher\" content=\"https:\/\/www.facebook.com\/people\/Or-en-ppites\/100087043427154\/\" \/>\n<meta property=\"article:modified_time\" content=\"2025-06-25T14:56:54+00:00\" \/>\n<meta property=\"og:image\" content=\"http:\/\/zsconseils.com\/wp-content\/uploads\/2023\/03\/cropped-LogoZ_s-4-1024x724.jpeg\" \/>\n<meta name=\"twitter:card\" content=\"summary_large_image\" \/>\n<meta name=\"twitter:label1\" content=\"Dur\u00e9e de lecture estim\u00e9e\" \/>\n\t<meta name=\"twitter:data1\" content=\"1 minute\" \/>\n<script type=\"application\/ld+json\" class=\"yoast-schema-graph\">{\"@context\":\"https:\/\/schema.org\",\"@graph\":[{\"@type\":\"WebPage\",\"@id\":\"https:\/\/zsconseils.com\/\",\"url\":\"https:\/\/zsconseils.com\/\",\"name\":\"- zsconseils.com\",\"isPartOf\":{\"@id\":\"https:\/\/zsconseils.com\/#website\"},\"primaryImageOfPage\":{\"@id\":\"https:\/\/zsconseils.com\/#primaryimage\"},\"image\":{\"@id\":\"https:\/\/zsconseils.com\/#primaryimage\"},\"thumbnailUrl\":\"http:\/\/zsconseils.com\/wp-content\/uploads\/2023\/03\/cropped-LogoZ_s-4-1024x724.jpeg\",\"datePublished\":\"2023-03-28T16:24:33+00:00\",\"dateModified\":\"2025-06-25T14:56:54+00:00\",\"description\":\"l'excellence est un comportement zsconseils.com zs conseils - management - information - intelligence informationnelle - conseils - \u00e9tudes - croissance durable - incertitude - p\u00e9rennit\u00e9\",\"inLanguage\":\"fr-FR\",\"potentialAction\":[{\"@type\":\"ReadAction\",\"target\":[\"https:\/\/zsconseils.com\/\"]}]},{\"@type\":\"ImageObject\",\"inLanguage\":\"fr-FR\",\"@id\":\"https:\/\/zsconseils.com\/#primaryimage\",\"url\":\"http:\/\/zsconseils.com\/wp-content\/uploads\/2023\/03\/cropped-LogoZ_s-4-1024x724.jpeg\",\"contentUrl\":\"http:\/\/zsconseils.com\/wp-content\/uploads\/2023\/03\/cropped-LogoZ_s-4-1024x724.jpeg\"},{\"@type\":\"WebSite\",\"@id\":\"https:\/\/zsconseils.com\/#website\",\"url\":\"https:\/\/zsconseils.com\/\",\"name\":\"zsconseils.com\",\"description\":\"\",\"publisher\":{\"@id\":\"https:\/\/zsconseils.com\/#organization\"},\"potentialAction\":[{\"@type\":\"SearchAction\",\"target\":{\"@type\":\"EntryPoint\",\"urlTemplate\":\"https:\/\/zsconseils.com\/?s={search_term_string}\"},\"query-input\":{\"@type\":\"PropertyValueSpecification\",\"valueRequired\":true,\"valueName\":\"search_term_string\"}}],\"inLanguage\":\"fr-FR\"},{\"@type\":\"Organization\",\"@id\":\"https:\/\/zsconseils.com\/#organization\",\"name\":\"zsconseils\u00b0\u00b0\u00b0\u00b0\u00b0\u00b0\u00b0\",\"url\":\"https:\/\/zsconseils.com\/\",\"logo\":{\"@type\":\"ImageObject\",\"inLanguage\":\"fr-FR\",\"@id\":\"https:\/\/zsconseils.com\/#\/schema\/logo\/image\/\",\"url\":\"https:\/\/zsconseils.com\/wp-content\/uploads\/2023\/03\/cropped-LogoZ_s-3.jpeg\",\"contentUrl\":\"https:\/\/zsconseils.com\/wp-content\/uploads\/2023\/03\/cropped-LogoZ_s-3.jpeg\",\"width\":512,\"height\":512,\"caption\":\"zsconseils\u00b0\u00b0\u00b0\u00b0\u00b0\u00b0\u00b0\"},\"image\":{\"@id\":\"https:\/\/zsconseils.com\/#\/schema\/logo\/image\/\"},\"sameAs\":[\"https:\/\/www.facebook.com\/people\/Or-en-ppites\/100087043427154\/\",\"https:\/\/www.linkedin.com\/company\/z-s-conseils\/\"]}]}<\/script>\n<!-- \/ Yoast SEO plugin. -->","yoast_head_json":{"title":"- zsconseils.com","description":"l'excellence est un comportement zsconseils.com zs conseils - management - information - intelligence informationnelle - conseils - \u00e9tudes - croissance durable - incertitude - p\u00e9rennit\u00e9","robots":{"index":"index","follow":"follow","max-snippet":"max-snippet:-1","max-image-preview":"max-image-preview:large","max-video-preview":"max-video-preview:-1"},"canonical":"https:\/\/zsconseils.com\/","og_locale":"fr_FR","og_type":"article","og_title":"- zsconseils.com","og_description":"l'excellence est un comportement zsconseils.com zs conseils - management - information - intelligence informationnelle - conseils - \u00e9tudes - croissance durable - incertitude - p\u00e9rennit\u00e9","og_url":"https:\/\/zsconseils.com\/","og_site_name":"zsconseils.com","article_publisher":"https:\/\/www.facebook.com\/people\/Or-en-ppites\/100087043427154\/","article_modified_time":"2025-06-25T14:56:54+00:00","og_image":[{"url":"http:\/\/zsconseils.com\/wp-content\/uploads\/2023\/03\/cropped-LogoZ_s-4-1024x724.jpeg","type":"","width":"","height":""}],"twitter_card":"summary_large_image","twitter_misc":{"Dur\u00e9e de lecture estim\u00e9e":"1 minute"},"schema":{"@context":"https:\/\/schema.org","@graph":[{"@type":"WebPage","@id":"https:\/\/zsconseils.com\/","url":"https:\/\/zsconseils.com\/","name":"- zsconseils.com","isPartOf":{"@id":"https:\/\/zsconseils.com\/#website"},"primaryImageOfPage":{"@id":"https:\/\/zsconseils.com\/#primaryimage"},"image":{"@id":"https:\/\/zsconseils.com\/#primaryimage"},"thumbnailUrl":"http:\/\/zsconseils.com\/wp-content\/uploads\/2023\/03\/cropped-LogoZ_s-4-1024x724.jpeg","datePublished":"2023-03-28T16:24:33+00:00","dateModified":"2025-06-25T14:56:54+00:00","description":"l'excellence est un comportement zsconseils.com zs conseils - management - information - intelligence informationnelle - conseils - \u00e9tudes - croissance durable - incertitude - p\u00e9rennit\u00e9","inLanguage":"fr-FR","potentialAction":[{"@type":"ReadAction","target":["https:\/\/zsconseils.com\/"]}]},{"@type":"ImageObject","inLanguage":"fr-FR","@id":"https:\/\/zsconseils.com\/#primaryimage","url":"http:\/\/zsconseils.com\/wp-content\/uploads\/2023\/03\/cropped-LogoZ_s-4-1024x724.jpeg","contentUrl":"http:\/\/zsconseils.com\/wp-content\/uploads\/2023\/03\/cropped-LogoZ_s-4-1024x724.jpeg"},{"@type":"WebSite","@id":"https:\/\/zsconseils.com\/#website","url":"https:\/\/zsconseils.com\/","name":"zsconseils.com","description":"","publisher":{"@id":"https:\/\/zsconseils.com\/#organization"},"potentialAction":[{"@type":"SearchAction","target":{"@type":"EntryPoint","urlTemplate":"https:\/\/zsconseils.com\/?s={search_term_string}"},"query-input":{"@type":"PropertyValueSpecification","valueRequired":true,"valueName":"search_term_string"}}],"inLanguage":"fr-FR"},{"@type":"Organization","@id":"https:\/\/zsconseils.com\/#organization","name":"zsconseils\u00b0\u00b0\u00b0\u00b0\u00b0\u00b0\u00b0","url":"https:\/\/zsconseils.com\/","logo":{"@type":"ImageObject","inLanguage":"fr-FR","@id":"https:\/\/zsconseils.com\/#\/schema\/logo\/image\/","url":"https:\/\/zsconseils.com\/wp-content\/uploads\/2023\/03\/cropped-LogoZ_s-3.jpeg","contentUrl":"https:\/\/zsconseils.com\/wp-content\/uploads\/2023\/03\/cropped-LogoZ_s-3.jpeg","width":512,"height":512,"caption":"zsconseils\u00b0\u00b0\u00b0\u00b0\u00b0\u00b0\u00b0"},"image":{"@id":"https:\/\/zsconseils.com\/#\/schema\/logo\/image\/"},"sameAs":["https:\/\/www.facebook.com\/people\/Or-en-ppites\/100087043427154\/","https:\/\/www.linkedin.com\/company\/z-s-conseils\/"]}]}},"uagb_featured_image_src":{"full":false,"thumbnail":false,"medium":false,"medium_large":false,"large":false,"1536x1536":false,"2048x2048":false},"uagb_author_info":{"display_name":"Adjele Essi Nadine Lacle","author_link":"https:\/\/zsconseils.com\/?author=1"},"uagb_comment_info":0,"uagb_excerpt":"Dans un monde o\u00f9 la comp\u00e9tence r\u00e9elle est parfois \u00e9clips\u00e9e par les titres et les normes institutionnelles, ZS Conseils est votre alli\u00e9 pour valoriser votre savoir-faire authentique. Nous accompagnons les professionnels qui, malgr\u00e9 leur expertise et leur exp\u00e9rience, peinent \u00e0 se faire reconna\u00eetre dans des environnements codifi\u00e9s et norm\u00e9s. Notre approche allie recherche, intelligence interculturelle\u2026","_links":{"self":[{"href":"https:\/\/zsconseils.com\/index.php?rest_route=\/wp\/v2\/pages\/24","targetHints":{"allow":["GET"]}}],"collection":[{"href":"https:\/\/zsconseils.com\/index.php?rest_route=\/wp\/v2\/pages"}],"about":[{"href":"https:\/\/zsconseils.com\/index.php?rest_route=\/wp\/v2\/types\/page"}],"author":[{"embeddable":true,"href":"https:\/\/zsconseils.com\/index.php?rest_route=\/wp\/v2\/users\/1"}],"replies":[{"embeddable":true,"href":"https:\/\/zsconseils.com\/index.php?rest_route=%2Fwp%2Fv2%2Fcomments&post=24"}],"version-history":[{"count":42,"href":"https:\/\/zsconseils.com\/index.php?rest_route=\/wp\/v2\/pages\/24\/revisions"}],"predecessor-version":[{"id":657,"href":"https:\/\/zsconseils.com\/index.php?rest_route=\/wp\/v2\/pages\/24\/revisions\/657"}],"wp:attachment":[{"href":"https:\/\/zsconseils.com\/index.php?rest_route=%2Fwp%2Fv2%2Fmedia&parent=24"}],"curies":[{"name":"wp","href":"https:\/\/api.w.org\/{rel}","templated":true}]}}